y(w) = -2*g(w) - 5*o(w). Give y(1).
3
Suppose 7 + 8 = 5*y. Suppose -4*p - 6 = -2*w - 18, 5*p + y*w + 7 = 0. Let g(s) be the second derivative of s**5/4 + s**3/6 - s**2/2 + s. Determine g(p).
5
Let h(v) = 2*v + 29. Let d be h(-13). Let m(u) = 2*u**2 - 2*u + 3. What is m(d)?
15
Let x be (-1)/(-2) - (-1)/2. Let y = 1 - x. Let l(u) = u + 4. Let w be l(y). Let h(b) = b**3 - 3*b**2 - 5*b + 6. Calculate h(w).
2
Let s(u) be the third derivative of u**6/120 - u**5/15 + u**4/24 + 2*u**3/3 - u**2. Let z be (-19)/(-5) + (18/15)/6. What is s(z)?
8
Let d(q) be the second derivative of q**4/12 + 5*q**3/6 + 2*q**2 - q. What is d(-6)?
10
Let v(g) be the first derivative of -2 + 5/24*g**4 + g**2 + 0*g + 1/6*g**3. Let z(t) be the second derivative of v(t). What is z(-1)?
-4
Let g(r) = -5*r**3 - 3*r**3 - r**3 - r + 3 + 9*r**2 + 8*r**3. What is g(9)?
-6
Let v be 5*3/((-6)/(-2)). Let l = 3 + -1. Let t(q) = -q + 0*q + l*q. Calculate t(v).
5
Let h(q) = -q**2 - 3*q + 9. Let s(o) = -5*o**2 - 16*o + 46. Let z = -14 - -25. Let a(d) = z*h(d) - 2*s(d). Let t be 6/(-9) - 6/(-9). Calculate a(t).
7
Let h(j) = 6*j**2 + 2*j - 3. Let g(n) = 1. Let m(f) = 4*g(f) + h(f). Let d = -18 - -17. Give m(d).
5
Let a = 7 + -4. Let m(b) = 3*b**2 - 3*b**2 - b + a*b**2 - b**2. Give m(-1).
3
Let s(v) = -v**2 + 7*v - 7. Let p(o) = 2*o - 6. Let a be p(6). What is s(a)?
-1
Let j(u) = -u**3 + u**2 + u. Let l = 5 + -3. Suppose 4*r = -x - l*x - 7, 5 = -4*r - x. Determine j(r).
1
Suppose 3*z = -z + 12. Let u(g) = -2*g - 4 + z - 3*g + 4*g. Calculate u(4).
-5
Let i be ((-1)/2)/((-2)/8). Let s be 6*(-1)/2 - -3. Let v(h) = -2*h + 0 + s - 1 + 7*h. Give v(i).
9
Let t(n) = 5*n - 6*n - 8*n**3 + 9*n**3. Give t(2).
6
Let s(j) = 2*j**2 + 2*j + 4. Let c(a) = -a**2 - a. Let w(q) = 3*c(q) + s(q). Give w(-4).
-8
Let n be 10/((-18)/(-4) - 4). Suppose -n = -12*b + 17*b. Let a(p) = p - 9 - 3*p + p. Determine a(b).
-5
Let g(z) = -4*z**3 - 9*z**2 - 5*z - 2. Let m(x) = 3*x**3 + 8*x**2 + 4*x + 1. Let k(b) = 2*g(b) + 3*m(b). Determine k(-3).
20
Suppose 0 = -15*z + 12*z. Let l(i) = 1. Let b be (-6)/(-10) + 4/10. Let x(g) = g - 1. Let j(s) = b*x(s) + 3*l(s). Determine j(z).
2
Let b(i) be the third derivative of i**5/60 - i**4/6 + i**2. Let d(a) = 2*a**2 - 12*a - 1. Let y(c) = -8*b(c) + 3*d(c). Give y(-2).
-3
Let v(p) = -10 + 93*p + 92*p - 183*p. Determine v(7).
4
Let u(s) = s**2 + 6*s + 4. Suppose 4*g + g = -25. Let h be u(g). Let j(o) = 4*o**2. Give j(h).
4
Let b(g) = -4*g**3 - g**2 + 3*g - 1. Let c be b(1). Let q(k) = k - 1. Let s(o) = -2*o + 1. Let a(w) = -q(w) - s(w). Give a(c).
-3
Let p(c) = c**2 + 2*c. Let t be ((-3)/(-6) + -1)*2. Let q be 2 - (t + (6 - 2)). Let m be (-1 - (q + -1))*2. Give p(m).
8
Suppose m + 1 = -0*m, -2*f + 2*m = -6. Let w(k) = -2*k**2 + 8*k + k**2 + 2 + f - 3*k. Give w(5).
4
Let h(z) = 6*z - 1. Let k(y) = 2*y - 35. Let a be k(17). What is h(a)?
-7
Suppose 3*y + 112 = -y. Let j be 8/y - (-37)/7. Let i(d) = 11*d - 18. Let o(v) = 6*v - 10. Let u(k) = 4*i(k) - 7*o(k). What is u(j)?
8
Let h = 3 - 5. Suppose 5 = -3*v - 5*n, 2*v - 2*n - 22 = n. Let a(k) = k - v + 5. Give a(h).
-2
Suppose 7*p = 3*p - 16. Let w(q) = q**3 + 5*q**2 + 2*q - 4. Let l be w(p). Let v(c) = c - 2. Give v(l).
2
Let w(k) be the second derivative of -1/20*k**5 + 2*k**2 + 0 - k + 1/4*k**4 + 2/3*k**3. Let a(z) = -z**3 + 26*z**2 - 2*z + 56. Let v be a(26). What is w(v)?
4
Let i(j) = 3*j - 2. Let g(p) = p + 1. Let z(h) = -2*g(h) + i(h). What is z(2)?
-2
Let o = -6 + 9. Let l(f) = -3*f + 4. Let u(w) = -7*w + 8. Let g = 12 + -7. Let i(d) = g*l(d) - 2*u(d). Determine i(o).
1
Suppose w + 9 = 3*h, -3*h + 3 = -2*h + w. Suppose 2*c + h = 5*c. Let t(n) be the second derivative of -5*n**4/12 + n**2/2 - n. Give t(c).
-4
Suppose b = -i - 12, -30 = 2*b + 2*i - 3*i. Let m be (-57)/(-21) + (-4)/b. Let q(k) = -m*k + 1 + 1 + k**2 + 4*k. Determine q(-3).
8
Let u be (1 - 1 - -1) + -3. Let s(m) be the third derivative of -3*m**2 + 1/8*m**4 + 0 + 1/6*m**3 + 0*m. Give s(u).
-5
Let v(d) = -3 - 11*d - 2 + 3. Let u(i) = -12*i - 3. Let n(w) = -2*u(w) + 3*v(w). Calculate n(-1).
9
Let h(d) = -d**2 - d. Suppose -q = q + 2*y + 2, 0 = -2*q - y. Let l be (8/10)/(q/(-5)). Let a = l - -3. Determine h(a).
0
Let h(m) = -3*m + 1. Suppose -4*u + 2*l - 4 = 0, -4*u = 4*l + 3 - 11. Suppose 2*p = -u*p + 4*k - 22, -3*p - 2*k = -7. Calculate h(p).
4
Let l(o) = 7*o + 1. Let v be l(1). Suppose v = 2*n - 4. Let t(d) = d**2 - 7*d + 1. Determine t(n).
-5
Let q be (16/10)/((-2)/(-5)). Suppose 4*k - 4 = q. Let o(d) = 3*d + 0*d + 2 - k*d**2 - 2*d. Calculate o(-2).
-8
Let p = -5 - 0. Let b(z) = -z**3 - 5*z**2 - z + 1. Determine b(p).
6
Let b be 6/8 + 15/(-20). Let g be -5*((-1 - 0) + b). Let z be (-10)/4*(-4)/g. Let d(h) = h**2 - 5*h + 2. Calculate d(z).
-4
Let o(w) = w**2. Suppose 3*i = l - 6*l - 36, 0 = l - 3. Let b = i - -9. Let s = -5 - b. Give o(s).
9
Let c(m) be the first derivative of -m**3/3 - m**2 + 5*m + 5. Let j be 1/(-2) - (-42)/4. Let w = j + -14. Determine c(w).
-3
Suppose x - 1 = -d, 3*x - 27 = -0*d + 5*d. Let y(l) be the third derivative of 0*l + 7/6*l**3 + 0 + 7/24*l**x + 1/60*l**5 + l**2. What is y(-6)?
1
Let t(r) = -r. Let o = 11 - 14. What is t(o)?
3
Let p(x) = -3 + 0*x**3 + 3 - 3*x**2 - 1 + x + x**3. Suppose 3*y - 26 = 5*u - 0*u, -3*y - 5*u - 14 = 0. Suppose -d - i = -2*i, -4*i + 12 = y*d. What is p(d)?
-3
Let t(q) = 6*q**3 - 1. Suppose -3*v + 0 = -3. What is t(v)?
5
Let o be (1 - 0)*2*6. Suppose 5*m - 2 + o = 0. Let k be 3 + -3 - 0 - m. Let y(x) = x**3 - 3*x**2 + 3*x - 1. Calculate y(k).
1
Let r(p) = -7*p + 8. Let m(q) = -8*q + 9. Let x(i) = 6*m(i) - 7*r(i). Determine x(4).
2
Let a(x) be the third derivative of 7*x**4/24 - x**3/6 + 5*x**2. Suppose -7 = -2*i - 3. Suppose 1 + 1 = -2*y - 5*r, 2*y + i = r. What is a(y)?
-8
Suppose 5*o - 5*y = -2*y - 8, 4*o - 5*y = 4. Let f(b) = 3*b**2 - 3*b. Let i(l) = -8*l**2 + 9*l. Let q(c) = -11*f(c) - 4*i(c). Calculate q(o).
-4
Let h(u) = u**3 - 9*u**2 + 7*u - 3. Let y be h(8). Let k = 13 + y. Let r(v) = -7*v - 4 - v**k - 2 + 4. Determine r(-3).
10
Let w(o) = 2*o - 13*o**2 + 9*o**2 + o**3 + 7*o**2 - 1. Give w(-4).
-25
Let g(v) be the third derivative of v**8/6720 + v**7/630 - v**6/144 - v**5/20 - v**4/8 - 3*v**2. Let w(i) be the second derivative of g(i). Calculate w(-5).
-6
Let f(g) = -g**2 - 4*g. Let i(p) = 2*p**3 - 2*p**2 - p - 2. Suppose -2*q = -3*s + 4, 5*s + 8*q - 15 = 3*q. Let r be i(s). Let d = r + -9. Calculate f(d).
-5
Let k(z) be the first derivative of z**3/3 + 3*z + 8. Determine k(0).
3
Let k(z) = 12*z - 2. Suppose -5*s + 25 = 0, -10 - 24 = 2*r - 4*s. Let q(h) = 8*h - 1. Let y(u) = r*q(u) + 5*k(u). Calculate y(2).
5
Let x = -9 - -17. Suppose -5*q - 5*k = 20, k = 2*q - 2*k + x. Let s(j) = j**2 + 6*j + 6. What is s(q)?
-2
Let l(f) = f**2 - 5*f + 6. Let d = 67 - 63. Give l(d).
2
Let v(n) = 9*n - 4. Let i(l) = -5*l + 2. Let c(x) = 7*i(x) + 4*v(x). Let h(t) = t**2 + 4*t - 1. Let m be 2/(-3) + 35/(-15). Let u be h(m). What is c(u)?
-6
Let o be 6 + -1 + (-6)/(-3). Let j(q) = -q**3 + 8*q**2 - 6*q - 6. Determine j(o).
1
Suppose 0 = -3*z + 6, z = 4*y - 0*z - 18. Let s(t) = 0 + 4*t**3 - y*t**2 - 3*t**3 - 32*t - 1 + 34*t. Give s(3).
-13
Let s(v) = -v**3 + 4*v + 233*v**2 - 1 - 233*v**2. What is s(3)?
-16
Let a = -67 - -68. Let k(m) be the first derivative of 1/2*m**2 + 0*m - a. What is k(-2)?
-2
Let h(k) be the first derivative of 24*k**2 - 1 - 23*k**2 + 0 - 6 - 3*k. Determine h(4).
5
Let g(r) = r**3 + 3*r**2 + 2*r - 1. Let o = 63 - 65. Calculate g(o).
-1
Let q(t) = 3*t**2 - 1. Let h be q(-1). Let k = h + -3. Let a(f) = -9*f - 2. Let s(n) = -n. Let d(y) = k*a(y) + 6*s(y). Give d(-2).
-4
Let a(b) be the second derivative of b**5/20 + 2*b**4/3 + 7*b**3/6 - 3*b**2 + 21*b. Calculate a(-7).
-6
Let i(z) = z**2 - 3*z - 5. Let u = 6 - 4. Let a = u + -2. Suppose -f - 3*o = f - 10, o = a. Give i(f).
5
Let t = -3 - -6. Suppose -t*q - 5*g + 1 + 0 = 0, 0 = 2*q - 3*g - 7. Let n(m) = -m**q + 4*m + 0*m - 1 + 0*m**2. Calculate n(3).
2
Let f(p) = -32*p**2 - 5*p + 8. Let v(c) = c**2 + c - 2. Let d(n) = -f(n) - 4*v(n). What is d(1)?
29
Suppose -2*y = y - 3. Let i(h) = 0*h**3 + y - 12*h**3 + 2*h**3. Determine i(-1).
11
Let b = 52 + -47. Let w(l) = -l**3 + 4*l**2 + 3*l - 7. Give w(b).
-17
Let d(h) = 9*h - 3. Let u(f) = -1. Let c(m) = d(m) + u(m). What